at is -d (base 14) in base 10?
-13
Convert 2 (base 7) to base 14.
2
Convert -a (base 13) to base 2.
-1010
-138 (base 11) to base 3
-20000
7 (base 15) to base 14
7
Convert -10 (base 8) to base 7.
-11
What is 231 (base 5) in base 7?
123
10003 (base 4) to base 10
259
76 (base 14) to base 4
1220
What is 11 (base 2) in base 10?
3
-12 (base 14) to base 13
-13
Convert 100 (base 2) to base 11.
4
11001 (base 2) to base 15
1a
Convert 24 (base 13) to base 3.
1010
-15 (base 6) to base 13
-b
What is -8 (base 15) in base 11?
-8
130 (base 4) to base 12
24
12 (base 5) to base 4
13
Convert -212 (base 3) to base 13.
-1a
What is 15 (base 10) in base 6?
23
What is -4 (base 5) in base 14?
-4
Convert -7 (base 11) to base 15.
-7
What is -31 (base 4) in base 16?
-d
211 (base 4) to base 6
101
-20 (base 11) to base 12
-1a
Convert 6 (base 11) to base 4.
12
3 (base 4) to base 15
3
Convert -94 (base 12) to base 10.
-112
Convert 12 (base 6) to base 9.
8
25 (base 15) to base 9
38
Convert -1414 (base 5) to base 3.
-22200
4 (base 15) to base 5
4
Convert 15 (base 11) to base 12.
14
-3 (base 7) to base 13
-3
16b (base 13) to base 15
123
What is 104 (base 7) in base 16?
35
What is 7 (base 13) in base 10?
7
What is 10101 (base 2) in base 3?
210
10 (base 4) to base 16
4
-2c (base 13) to base 16
-26
-46 (base 16) to base 4
-1012
11 (base 2) to base 15
3
11 (base 4) to base 9
5
Convert -10 (base 8) to base 6.
-12
What is -1301 (base 4) in base 13?
-89
Convert -1213 (base 5) to base 3.
-20210
1c (base 15) to base 6
43
11 (base 3) to base 12
4
-5 (base 6) to base 9
-5
40 (base 8) to base 7
44
Convert 5a (base 11) to base 15.
45
20 (base 5) to base 13
a
Convert -13 (base 4) to base 3.
-21
Convert 12 (base 7) to base 12.
9
What is -2 (base 13) in base 9?
-2
What is 38 (base 13) in base 9?
52
f (base 16) to base 12
13
What is 12 (base 3) in base 14?
5
3 (base 10) to base 9
3
8 (base 9) to base 10
8
Convert 0 (base 14) to base 3.
0
What is 5 (base 13) in base 11?
5
What is 21 (base 4) in base 16?
9
b (base 14) to base 5
21
12 (base 8) to base 13
a
What is -4 (base 8) in base 6?
-4
What is -a (base 11) in base 14?
-a
What is -1111 (base 2) in base 13?
-12
Convert 11 (base 4) to base 2.
101
-8 (base 11) to base 16
-8
What is -6 (base 15) in base 12?
-6
Convert -21 (base 6) to base 13.
-10
-8 (base 10) to base 7
-11
-10 (base 3) to base 9
-3
Convert -7 (base 8) to base 10.
-7
Convert 110 (base 2) to base 8.
6
What is -60 (base 15) in base 7?
-156
-104 (base 5) to base 8
-35
Convert -231 (base 6) to base 14.
-67
10 (base 6) to base 13
6
Convert -108 (base 13) to base 4.
-2301
31 (base 7) to base 9
24
-3 (base 7) to base 13
-3
What is 3 (base 12) in base 14?
3
What is -191 (base 13) in base 11?
-241
-2 (base 13) to base 4
-2
What is -247 (base 9) in base 15?
-da
Convert -246 (base 7) to base 4.
-2010
28 (base 16) to base 7
55
Convert 3 (base 6) to base 2.
11
111 (base 10) to base 6
303
46 (base 12) to base 5
204
Convert -121 (base 4) to base 10.
-25
Convert -11 (base 6) to base 16.
-7
What is 1 (base 10) in base 13?
1
1 (base 2) to base 15
1
What is -100 (base 2) in base 14?
-4
Convert 10210 (base 3) to base 8.
146
12 (base 4) to base 5
11
What is -3 (base 7) in base 10?
-3
What is 22 (base 3) in base 11?
8
143 (base 8) to base 15
69
-101 (base 11) to base 4
-1322
What is 1a (base 12) in base 13?
19
Convert 20 (base 3) to base 11.
6
What is 237 (base 9) in base 13?
121
52 (base 9) to base 16
2f
What is -43 (base 6) in base 4?
-123
-11 (base 6) to base 7
-10
Convert 15 (base 16) to base 15.
16
Convert 8 (base 13) to base 9.
8
Convert 1100 (base 6) to base 5.
2002
6 (base 12) to base 13
6
What is 603 (base 7) in base 8?
451
-182 (base 15) to base 10
-347
-1310 (base 4) to base 11
-a6
What is 126 (base 8) in base 10?
86
What is -20 (base 9) in base 10?
-18
Convert -93 (base 13) to base 2.
-1111000
What is -4 (base 11) in base 2?
-100
-1 (base 3) to base 9
-1
What is 0 (base 11) in base 6?
0
Convert -100 (base 3) to base 7.
-12
What is 35 (base 6) in base 16?
17
Convert -26 (base 10) to base 11.
-24
What is 6 (base 9) in base 2?
110
Convert 0 (base 4) to base 13.
0
-21 (base 11) to base 10
-23
1 (base 8) to base 6
1
What is 4 (base 6) in base 9?
4
-102001 (base 3) to base 12
-20a
What is -ad (base 15) in base 11?
-139
What is -10 (base 4) in base 16?
-4
6 (base 14) to base 8
6
32 (base 12) to base 14
2a
What is 21 (base 15) in base 3?
1011
-2 (base 10) to base 9
-2
-3 (base 15) to base 5
-3
What is 13b (base 15) in base 6?
1145
-4 (base 5) to base 4
-10
-1415 (base 6) to base 10
-371
What is -103 (base 5) in base 14?
-20
3 (base 7) to base 11
3
-d (base 15) to base 5
-23
Convert -3 (base 11) to base 6.
-3
What is 14 (base 15) in base 2?
10011
Convert 46 (base 12) to base 2.
110110
-1 (base 6) to base 3
-1
What is a7 (base 11) in base 2?
1110101
44 (base 12) to base 16
34
Convert -2 (base 6) to base 3.
-2
Convert 0 (base 16) to base 14.
0
69 (base 10) to base 2
1000101
What is -1 (base 16) in base 11?
-1
0 (base 12) to base 14
0
What is -a (base 12) in base 7?
-13
What is -11000 (base 2) in base 9?
-26
-111 (base 4) to base 8
-25
0 (base 8) to base 10
0
What is 11101 (base 3) in base 14?
86
What is -35 (base 6) in base 12?
-1b
What is 100 (base 3) in base 7?
12
Convert 27 (base 12) to base 10.
31
What is 1 (base 3) in base 13?
1
Convert 1010 (base 2) to base 11.
a
25 (base 16) to base 10
37
What is 2 (base 11) in base 5?
2
What is 2 (base 8) in base 6?
2
-249 (base 11) to base 12
-207
Convert 3c (base 13) to base 8.
63
What is 5 (base 16) in base 3?
12
Convert -47 (base 8) to base 13.
-30
What is 16c (base 13) in base 3?
100121
Convert -5 (base 8) to base 11.
-5
What is -1110 (base 2) in base 15?
-e
Convert -4 (base 5) to base 11.
-4
14 (base 5) to base 4
21
Convert 42 (base 14) to base 5.
213
What is 16 (base 12) in base 8?
22
-18 (base 9) to base 10
-17
Convert 2e (base 15) to base 8.
54
What is -e (base 16) in base 6?
-22
1 (base 8) to base 15
1
-6 (base 11) to base 3
-20
-6 (base 13) to base 16
-6
Convert -83 (base 10) to base 5.
-313
Convert -3 (base 7) to base 14.
-3
What is 3 (base 6) in base 16?
3
-101000 (base 2) to base 10
-40
Convert 9 (base 15) to base 5.
14
Convert -10 (base 6) to base 15.
-6
-21 (base 3) to base 15
-7
6 (base 9) to base 8
6
What is -11111 (base 2) in base 7?
-43
What is 1020 (base 5) in base 4?
2013
What is 1 (base 9) in base 15?
1
Convert 1 (base 12) to base 4.
1
Convert -11 (base 8) to base 7.
-12
Convert 2 (base 15) to base 2.
10
What is c (base 15) in base 11?
11
What is -1023 (base 5) in base 14?
-9c
3 (base 14) to base 2
11
-2 (base 14) to base 11
-2
What is -11 (base 5) in base 8?
-6
Convert -61 (base 16) to base 8.
-141
What is -19 (base 10) in base 13?
-16
What is 7 (base 10) in base 16?
7
Convert 2 (base 10) to base 11.
2
What is -8 (base 14) in base 5?
-13
Convert -4 (base 11) to base 7.
-4
0 (base 11) to base 4
0
What is d (base 16) in base 11?
12
What is 7 (base 9) in base 11?
7
85 (base 14) to base 15
7c
3 (base 4) to base 6
3
-2 (base 13) to base 8
-2
11 (base 5) to base 3
20
What is 24 (base 14) in base 6?
52
3 (base 4) to base 14
3
What is -2 (base 8) in base 16?
-2
3 (base 16) to base 15
3
Convert 224 (base 5) to base 6.
144
What is -a2 (base 13) in base 6?
-340
a (base 12) to base 11
a
b0 (base 15) to base 13
c9
Convert -3 (base 5) to base 10.
-3
17 (base 16) to base 8
27
-3 (base 16) to base 3
-10
-10 (base 3) to base 14
-3
0 (base 8) to base 11
0
Convert 18b (base 16) to base 15.
1b5
Convert 1b (base 15) to base 10.
26
What is 5 (base 12) in base 8?
5
What is 1 (base 2) in base 9?
1
What is -23 (base 4) in base 8?
-13
-23 (base 4) to base 8
-13
Convert -10 (base 3) to base 16.
-3
-5 (base 6) to base 4
-11
Convert 1132 (base 4) to base 15.
64
4c (base 13) to base 10
64
1 (base 5) to base 10
1
Convert -11111111 (base 2) to base 9.
-313
What is 30 (base 8) in base 14?
1a
-20 (base 7) to base 8
-16
What is 22 (base 4) in base 3?
101
Convert -200 (base 8) to base 5.
-1003
Convert -a (base 16) to base 10.
-10
Convert -11010010 (base 2) to base 13.
-132
What is -4 (base 5) in base 10?
-4
What is 3 (base 5) in base 7?
3
Convert 11000 (base 2) to base 8.
30
What is -4 (base 16) in base 13?
-4
Convert 1 (base 16) to base 7.
1
What is 2321 (base 4) in b